{"id":132,"date":"2024-10-16T12:35:31","date_gmt":"2024-10-16T12:35:31","guid":{"rendered":"https:\/\/nexusstrategymada.wordpress.com\/?page_id=132"},"modified":"2024-10-16T12:35:31","modified_gmt":"2024-10-16T12:35:31","slug":"management-dentreprises","status":"publish","type":"page","link":"https:\/\/nexusstrategy.mg\/index.php\/management-dentreprises\/","title":{"rendered":"Management d&rsquo;entreprises"},"content":{"rendered":"\n<div class=\"wp-block-media-text is-stacked-on-mobile\" style=\"grid-template-columns:36% auto\"><figure class=\"wp-block-media-text__media\"><img decoding=\"async\" src=\"https:\/\/nexusstrategymada.wordpress.com\/wp-content\/uploads\/2024\/10\/aerial-view-business-data-analysis-graph-1.jpg?w=746\" alt=\"\" class=\"wp-image-134 size-full\" \/><\/figure><div class=\"wp-block-media-text__content\">\n<p><strong>Optimisation des processus<\/strong><br>Nous analysons les processus existants de votre entreprise pour identifier les inefficacit\u00e9s et proposer des solutions visant \u00e0 am\u00e9liorer l&rsquo;efficacit\u00e9 op\u00e9rationnelle, r\u00e9duire les co\u00fbts et accro\u00eetre la productivit\u00e9.<\/p>\n\n\n\n<p><strong>Gestion du changement<\/strong><br>Nous vous accompagnons tout au long du processus de changement organisationnel, en \u00e9laborant des plans de transition, en assurant une communication claire et en formant votre \u00e9quipe \u00e0 adopter de nouvelles pratiques et proc\u00e9dures.<\/p>\n<\/div><\/div>\n\n\n\n<p><strong>Planification strat\u00e9gique<\/strong><br>Nous vous aidons \u00e0 d\u00e9finir des objectifs clairs et r\u00e9alisables pour votre entreprise, en \u00e9laborant des plans strat\u00e9giques d\u00e9taill\u00e9s pour guider votre croissance \u00e0 long terme et vous d\u00e9marquer sur le march\u00e9.<\/p>\n\n\n\n<p><strong>Alignement organisationnel<\/strong><br>Nous travaillons avec vous pour aligner les objectifs, les structures organisationnelles et les processus internes de votre entreprise afin de favoriser la coh\u00e9rence et l&rsquo;efficacit\u00e9 \u00e0 tous les niveaux.<\/p>\n","protected":false},"excerpt":{"rendered":"<p>Optimisation des processusNous analysons les processus existants de votre entreprise pour identifier les inefficacit\u00e9s et proposer des solutions visant \u00e0 am\u00e9liorer l&rsquo;efficacit\u00e9 op\u00e9rationnelle, r\u00e9duire les co\u00fbts et accro\u00eetre la productivit\u00e9. Gestion du changementNous vous accompagnons tout au long du processus de changement organisationnel, en \u00e9laborant des plans de transition, en assurant une communication claire et [&hellip;]<\/p>\n","protected":false},"author":1,"featured_media":0,"parent":0,"menu_order":0,"comment_status":"closed","ping_status":"closed","template":"","meta":{"footnotes":""},"class_list":["post-132","page","type-page","status-publish","hentry"],"_links":{"self":[{"href":"https:\/\/nexusstrategy.mg\/index.php\/wp-json\/wp\/v2\/pages\/132","targetHints":{"allow":["GET"]}}],"collection":[{"href":"https:\/\/nexusstrategy.mg\/index.php\/wp-json\/wp\/v2\/pages"}],"about":[{"href":"https:\/\/nexusstrategy.mg\/index.php\/wp-json\/wp\/v2\/types\/page"}],"author":[{"embeddable":true,"href":"https:\/\/nexusstrategy.mg\/index.php\/wp-json\/wp\/v2\/users\/1"}],"replies":[{"embeddable":true,"href":"https:\/\/nexusstrategy.mg\/index.php\/wp-json\/wp\/v2\/comments?post=132"}],"version-history":[{"count":0,"href":"https:\/\/nexusstrategy.mg\/index.php\/wp-json\/wp\/v2\/pages\/132\/revisions"}],"wp:attachment":[{"href":"https:\/\/nexusstrategy.mg\/index.php\/wp-json\/wp\/v2\/media?parent=132"}],"curies":[{"name":"wp","href":"https:\/\/api.w.org\/{rel}","templated":true}]}}