{"id":139,"date":"2024-10-16T12:42:15","date_gmt":"2024-10-16T12:42:15","guid":{"rendered":"https:\/\/nexusstrategymada.wordpress.com\/?page_id=139"},"modified":"2024-10-16T12:42:15","modified_gmt":"2024-10-16T12:42:15","slug":"gestion-financiere","status":"publish","type":"page","link":"https:\/\/nexusstrategy.mg\/index.php\/gestion-financiere\/","title":{"rendered":"Gestion financi\u00e8re"},"content":{"rendered":"\n<div class=\"wp-block-media-text is-stacked-on-mobile\" style=\"grid-template-columns:30% auto\"><figure class=\"wp-block-media-text__media\"><img decoding=\"async\" src=\"https:\/\/nexusstrategymada.wordpress.com\/wp-content\/uploads\/2024\/10\/stock-market-exchange-economics-investment-graph-1.jpg?w=672\" alt=\"\" class=\"wp-image-140 size-full\" \/><\/figure><div class=\"wp-block-media-text__content\">\n<p><strong>Gestion de tr\u00e9sorerie<\/strong><br>Nous vous aidons \u00e0 g\u00e9rer efficacement vos liquidit\u00e9s, \u00e0 pr\u00e9voir vos besoins de tr\u00e9sorerie et \u00e0 optimiser votre structure de capital pour assurer la stabilit\u00e9 financi\u00e8re de votre entreprise.<\/p>\n\n\n\n<p><\/p>\n\n\n\n<p><strong>Analyse financi\u00e8re<\/strong><br>Nous r\u00e9alisons des analyses approfondies de vos \u00e9tats financiers pour \u00e9valuer la performance de votre entreprise, identifier les tendances et les opportunit\u00e9s, et prendre des d\u00e9cisions financi\u00e8res strat\u00e9giques.<\/p>\n<\/div><\/div>\n\n\n\n<p><strong>Budg\u00e9tisation et pr\u00e9vision financi\u00e8re<\/strong><br>Nous vous aidons \u00e0 \u00e9laborer des budgets pr\u00e9cis et r\u00e9alistes, \u00e0 pr\u00e9voir vos revenus et vos d\u00e9penses futurs, et \u00e0 planifier vos investissements pour atteindre vos objectifs financiers \u00e0 long terme.<\/p>\n\n\n\n<p><strong>Conformit\u00e9 fiscale<\/strong><br>Nous vous assistons dans le respect des r\u00e9glementations fiscales en vigueur, en pr\u00e9parant et en d\u00e9posant vos d\u00e9clarations de revenus et en vous conseillant sur les strat\u00e9gies fiscales les plus avantageuses pour votre entreprise.<\/p>\n\n\n\n<p><\/p>\n","protected":false},"excerpt":{"rendered":"<p>Gestion de tr\u00e9sorerieNous vous aidons \u00e0 g\u00e9rer efficacement vos liquidit\u00e9s, \u00e0 pr\u00e9voir vos besoins de tr\u00e9sorerie et \u00e0 optimiser votre structure de capital pour assurer la stabilit\u00e9 financi\u00e8re de votre entreprise. Analyse financi\u00e8reNous r\u00e9alisons des analyses approfondies de vos \u00e9tats financiers pour \u00e9valuer la performance de votre entreprise, identifier les tendances et les opportunit\u00e9s, et [&hellip;]<\/p>\n","protected":false},"author":1,"featured_media":0,"parent":0,"menu_order":0,"comment_status":"closed","ping_status":"closed","template":"","meta":{"footnotes":""},"class_list":["post-139","page","type-page","status-publish","hentry"],"_links":{"self":[{"href":"https:\/\/nexusstrategy.mg\/index.php\/wp-json\/wp\/v2\/pages\/139","targetHints":{"allow":["GET"]}}],"collection":[{"href":"https:\/\/nexusstrategy.mg\/index.php\/wp-json\/wp\/v2\/pages"}],"about":[{"href":"https:\/\/nexusstrategy.mg\/index.php\/wp-json\/wp\/v2\/types\/page"}],"author":[{"embeddable":true,"href":"https:\/\/nexusstrategy.mg\/index.php\/wp-json\/wp\/v2\/users\/1"}],"replies":[{"embeddable":true,"href":"https:\/\/nexusstrategy.mg\/index.php\/wp-json\/wp\/v2\/comments?post=139"}],"version-history":[{"count":0,"href":"https:\/\/nexusstrategy.mg\/index.php\/wp-json\/wp\/v2\/pages\/139\/revisions"}],"wp:attachment":[{"href":"https:\/\/nexusstrategy.mg\/index.php\/wp-json\/wp\/v2\/media?parent=139"}],"curies":[{"name":"wp","href":"https:\/\/api.w.org\/{rel}","templated":true}]}}