{"id":168,"date":"2024-10-17T16:19:46","date_gmt":"2024-10-17T16:19:46","guid":{"rendered":"https:\/\/nexusstrategymada.wordpress.com\/?page_id=168"},"modified":"2024-10-17T16:19:46","modified_gmt":"2024-10-17T16:19:46","slug":"recrutement-a-madagascar-en-2025-comment-les-criteres-subjectifs-faconnent-les-decisions-des-recruteurs","status":"publish","type":"page","link":"https:\/\/nexusstrategy.mg\/index.php\/recrutement-a-madagascar-en-2025-comment-les-criteres-subjectifs-faconnent-les-decisions-des-recruteurs\/","title":{"rendered":"Recrutement \u00e0 Madagascar en 2025 : Comment les crit\u00e8res subjectifs fa\u00e7onnent les d\u00e9cisions des recruteurs ?"},"content":{"rendered":"\n<p>Dans un environnement de plus en plus complexe, avec une main-d&rsquo;\u0153uvre de qualit\u00e9 en diminution, le recrutement devient un enjeu strat\u00e9gique crucial pour les entreprises. En effet, la s\u00e9lection du bon candidat est vitale pour le d\u00e9veloppement et la p\u00e9rennit\u00e9 de l&rsquo;entreprise, notamment dans les fonctions cl\u00e9s. Bien que des crit\u00e8res objectifs soient d\u00e9finis dans les fiches de poste, des crit\u00e8res subjectifs \u00e9mergent souvent lors des entretiens, influen\u00e7ant ainsi la d\u00e9cision finale des recruteurs.<\/p>\n\n\n\n<p>D&rsquo;une part, les crit\u00e8res subjectifs qui apparaissent lors du processus de recrutement sont principalement influenc\u00e9s par des normes sociales propres aux recruteurs. Parmi ces crit\u00e8res, l&rsquo;apparence physique joue un r\u00f4le particuli\u00e8rement pr\u00e9dominant, surtout dans les premi\u00e8res secondes d&rsquo;une rencontre. En effet, cette apparence influence fortement le jugement initial du recruteur, un ph\u00e9nom\u00e8ne connu sous le nom d&rsquo;\u00ab effet de halo \u00bb. M\u00eame si l&rsquo;apparence physique est souvent per\u00e7ue comme un biais cognitif, elle continue \u00e0 \u00eatre un \u00e9l\u00e9ment majeur influen\u00e7ant l&rsquo;appr\u00e9ciation des comp\u00e9tences et de la personnalit\u00e9 d&rsquo;un candidat.<\/p>\n\n\n\n<p>D&rsquo;autre part, l&rsquo;\u00e9tude montre que, dans les entreprises malgaches, les recruteurs priorisent des crit\u00e8res tels que l&rsquo;apparence physique, le corporatisme (c&rsquo;est-\u00e0-dire la pr\u00e9f\u00e9rence pour des candidats partageant des caract\u00e9ristiques sociales ou professionnelles similaires) et la personnalit\u00e9. Tandis que le favoritisme, bien que pr\u00e9sent, n&rsquo;est pas aussi d\u00e9terminant, d&rsquo;autres crit\u00e8res, comme la norme d\u2019internalit\u00e9 (pr\u00e9f\u00e9rence pour des explications internes), sont moins significatifs.<\/p>\n\n\n\n<p>Pour les entreprises malgaches, la prise en compte de ces crit\u00e8res subjectifs dans le processus de recrutement sera essentielle pour plusieurs raisons.<\/p>\n\n\n\n<p>Tout d&rsquo;abord, l&rsquo;impact de l&rsquo;apparence physique restera un facteur important en 2025. Avec la mont\u00e9e des r\u00e9seaux sociaux et de l\u2019image publique, l\u2019apparence physique des candidats continuera \u00e0 jouer un r\u00f4le, m\u00eame si cela repr\u00e9sente un d\u00e9fi en termes de conformit\u00e9 avec les l\u00e9gislations anti-discriminatoires. Ainsi, les entreprises devront r\u00e9fl\u00e9chir \u00e0 des strat\u00e9gies permettant d\u2019att\u00e9nuer ces biais tout en reconnaissant leur impact dans la dynamique de s\u00e9lection.<\/p>\n\n\n\n<p>Ensuite, l\u2019importance de la personnalit\u00e9 dans les processus de recrutement continuera de cro\u00eetre. En effet, les recruteurs malgaches privil\u00e9gient des candidats qui d\u00e9montrent des qualit\u00e9s interpersonnelles fortes lors des entretiens, telles que la confiance en soi, l\u2019\u00e9loquence et une posture assur\u00e9e. Ces qualit\u00e9s seront cruciales pour assurer une bonne int\u00e9gration des candidats dans les \u00e9quipes et pour stimuler la performance organisationnelle.<\/p>\n\n\n\n<p>Par ailleurs, bien que le favoritisme et le corporatisme soient souvent mal per\u00e7us, ces pratiques persistent dans de nombreuses entreprises. En effet, les recruteurs pr\u00e9f\u00e8rent souvent des candidats issus du m\u00eame r\u00e9seau professionnel ou acad\u00e9mique. Toutefois, en 2025, les entreprises malgaches devront trouver un \u00e9quilibre entre la promotion de la diversit\u00e9 et la reconnaissance des affinit\u00e9s professionnelles comme crit\u00e8re de s\u00e9lection.<\/p>\n\n\n\n<p>Enfin, l\u2019optimisation des outils technologiques jouera un r\u00f4le cl\u00e9 dans l\u2019am\u00e9lioration du processus de recrutement. L&rsquo;\u00e9tude montre l&rsquo;utilisation de logiciels comme Nvivo pour l\u2019analyse des donn\u00e9es qualitatives, permettant ainsi de structurer et d\u2019objectiver en partie les crit\u00e8res de s\u00e9lection. D\u00e8s lors, en 2025, les entreprises malgaches pourraient b\u00e9n\u00e9ficier d\u2019une adoption accrue de ces technologies pour minimiser l\u2019influence des biais subjectifs tout en affinant leurs m\u00e9thodes d&rsquo;\u00e9valuation.<\/p>\n\n\n\n<p>En somme, les crit\u00e8res subjectifs joueront toujours un r\u00f4le dans les d\u00e9cisions de recrutement, m\u00eame si les entreprises malgaches chercheront \u00e0 les r\u00e9duire pour \u00e9viter des erreurs de jugement. Le d\u00e9fi pour 2025 sera de combiner des approches technologiques et humaines afin d&rsquo;att\u00e9nuer ces biais tout en optimisant la performance des recrutements. Ainsi, l\u2019apparence physique, la personnalit\u00e9 et les affinit\u00e9s culturelles continueront de peser dans les d\u00e9cisions d\u2019embauche. Toutefois, avec des solutions adapt\u00e9es, ces crit\u00e8res pourront \u00eatre g\u00e9r\u00e9s de mani\u00e8re plus \u00e9quitable et objective.<\/p>\n\n\n\n<p class=\"has-text-align-right\">Dr Manoa A., 2022<\/p>\n\n\n\n<p><\/p>\n","protected":false},"excerpt":{"rendered":"<p>Dans un environnement de plus en plus complexe, avec une main-d&rsquo;\u0153uvre de qualit\u00e9 en diminution, le recrutement devient un enjeu strat\u00e9gique crucial pour les entreprises. En effet, la s\u00e9lection du bon candidat est vitale pour le d\u00e9veloppement et la p\u00e9rennit\u00e9 de l&rsquo;entreprise, notamment dans les fonctions cl\u00e9s. Bien que des crit\u00e8res objectifs soient d\u00e9finis dans [&hellip;]<\/p>\n","protected":false},"author":1,"featured_media":0,"parent":0,"menu_order":0,"comment_status":"closed","ping_status":"closed","template":"","meta":{"footnotes":""},"class_list":["post-168","page","type-page","status-publish","hentry"],"_links":{"self":[{"href":"https:\/\/nexusstrategy.mg\/index.php\/wp-json\/wp\/v2\/pages\/168","targetHints":{"allow":["GET"]}}],"collection":[{"href":"https:\/\/nexusstrategy.mg\/index.php\/wp-json\/wp\/v2\/pages"}],"about":[{"href":"https:\/\/nexusstrategy.mg\/index.php\/wp-json\/wp\/v2\/types\/page"}],"author":[{"embeddable":true,"href":"https:\/\/nexusstrategy.mg\/index.php\/wp-json\/wp\/v2\/users\/1"}],"replies":[{"embeddable":true,"href":"https:\/\/nexusstrategy.mg\/index.php\/wp-json\/wp\/v2\/comments?post=168"}],"version-history":[{"count":0,"href":"https:\/\/nexusstrategy.mg\/index.php\/wp-json\/wp\/v2\/pages\/168\/revisions"}],"wp:attachment":[{"href":"https:\/\/nexusstrategy.mg\/index.php\/wp-json\/wp\/v2\/media?parent=168"}],"curies":[{"name":"wp","href":"https:\/\/api.w.org\/{rel}","templated":true}]}}